{"id":209,"date":"2017-08-05T15:28:09","date_gmt":"2017-08-05T15:28:09","guid":{"rendered":"http:\/\/127.0.0.1:4001\/wordpress\/?page_id=209"},"modified":"2017-08-05T15:28:20","modified_gmt":"2017-08-05T15:28:20","slug":"209-2","status":"publish","type":"page","link":"https:\/\/www.apa-alessano.com\/?page_id=209","title":{"rendered":"L&#8217;Eroica Bacchetta"},"content":{"rendered":"<h3 style=\"text-align: center;\">\u00a0\u00a0 SERGIO TORSELLO<\/h3>\n<h1 style=\"text-align: center;\">L&#8217;EROICA BACCHETTA<\/h1>\n<h2 style=\"text-align: center;\">(1979 &#8211; 1963)<\/h2>\n<h3 style=\"text-align: center;\">A.P.A.<\/h3>\n<h3 style=\"text-align: center;\">ASSOCIAZIONE PER LA PROMOZIONE DI ALESSANO<\/h3>\n<h4 style=\"text-align: center;\">Edizioni Aramir\u00e8<\/h4>\n<p>Il volume \u00e8 disponibile presso le librerie locali e pu\u00f2 essere richiesto direttamente all&#8217;Associazione A.P.A..<\/p>\n<p>&nbsp;<\/p>\n<p>Per le strade del borgo antico di Alessano si possono ammirare chiese, palazzi ed edifici che parlano di vicende umane non del tutto dimenticate. In via Alessio Comneno, accanto a palazzo Lecari, si trova palazzo Orsi, di propriet\u00e0 dell&#8217;omonima famiglia e dimora, in tempi pi\u00f9 recenti di Paolo falcicchio.\u00a0\u00a0\u00a0\u00a0 Non un segno per\u00f2 che testimoni la permanenza qui dell&#8217;illustre cittadino che tanto fece parlare di s\u00e8 per il suo talento musicale dando lustro anche al nome del nostro paese. A riempire il vuoto e a sugellare il ricordo, ancora vivo in quanti ebbero la fortuna di conoscerlo e di apprezzare la sua opera, ci ha pensato Sergio Torsello. L&#8217;interesse per la storia locale, l&#8217;amore per questo estremo lembo del Salento e per le vicende della nostra gente lo hanno impegnato in un lavoro di meticolosa e difficile ricerca per ricostruire, senza enfasi, la storia di Paolo Falcicchio.<\/p>\n<p>L&#8217;A.P.A. che apprezza, incoraggia e sostiene le iniziative mirate a dare nuova linfa al processo di crescita e di sviluppo di Alessano, anche attraverso la ricostruzione delle vicende del passato, ha voluto collaborare in modo significativo al lavoro fatto da SErgio Torsello realizzando questo volumetto che certamente sar\u00e0 apprezzato dai cittadini, dai cultori delle tradizioni e da quanti ricordano ancora con affetto &#8220;l&#8217;eroica bacchetta&#8221;.<\/p>\n<p style=\"text-align: right;\">Dalla presentazione di Antonio Melcarne presidente dell&#8217;A.P.A.<\/p>\n","protected":false},"excerpt":{"rendered":"<p>\u00a0\u00a0 SERGIO TORSELLO L&#8217;EROICA BACCHETTA (1979 &#8211; 1963) A.P.A. ASSOCIAZIONE PER LA PROMOZIONE DI ALESSANO Edizioni Aramir\u00e8 Il volume \u00e8 disponibile presso le librerie locali e pu\u00f2 essere richiesto direttamente all&#8217;Associazione A.P.A.. &nbsp; Per le strade del borgo antico di Alessano si possono ammirare chiese, palazzi ed edifici che parlano di vicende umane non del [&hellip;]<\/p>\n","protected":false},"author":1,"featured_media":0,"parent":187,"menu_order":0,"comment_status":"closed","ping_status":"closed","template":"","meta":{"_lightning_design_setting":[],"vkexunit_cta_each_option":"","footnotes":""},"class_list":["post-209","page","type-page","status-publish","hentry"],"_links":{"self":[{"href":"https:\/\/www.apa-alessano.com\/index.php?rest_route=\/wp\/v2\/pages\/209","targetHints":{"allow":["GET"]}}],"collection":[{"href":"https:\/\/www.apa-alessano.com\/index.php?rest_route=\/wp\/v2\/pages"}],"about":[{"href":"https:\/\/www.apa-alessano.com\/index.php?rest_route=\/wp\/v2\/types\/page"}],"author":[{"embeddable":true,"href":"https:\/\/www.apa-alessano.com\/index.php?rest_route=\/wp\/v2\/users\/1"}],"replies":[{"embeddable":true,"href":"https:\/\/www.apa-alessano.com\/index.php?rest_route=%2Fwp%2Fv2%2Fcomments&post=209"}],"version-history":[{"count":2,"href":"https:\/\/www.apa-alessano.com\/index.php?rest_route=\/wp\/v2\/pages\/209\/revisions"}],"predecessor-version":[{"id":211,"href":"https:\/\/www.apa-alessano.com\/index.php?rest_route=\/wp\/v2\/pages\/209\/revisions\/211"}],"up":[{"embeddable":true,"href":"https:\/\/www.apa-alessano.com\/index.php?rest_route=\/wp\/v2\/pages\/187"}],"wp:attachment":[{"href":"https:\/\/www.apa-alessano.com\/index.php?rest_route=%2Fwp%2Fv2%2Fmedia&parent=209"}],"curies":[{"name":"wp","href":"https:\/\/api.w.org\/{rel}","templated":true}]}}

<h3 style="text-align: center;">   SERGIO TORSELLO</h3>
<h1 style="text-align: center;">L&#8217;EROICA BACCHETTA</h1>
<h2 style="text-align: center;">(1979 &#8211; 1963)</h2>
<h3 style="text-align: center;">A.P.A.</h3>
<h3 style="text-align: center;">ASSOCIAZIONE PER LA PROMOZIONE DI ALESSANO</h3>
<h4 style="text-align: center;">Edizioni Aramirè</h4>
<p>Il volume è disponibile presso le librerie locali e può essere richiesto direttamente all&#8217;Associazione A.P.A..</p>
<p>&nbsp;</p>
<p>Per le strade del borgo antico di Alessano si possono ammirare chiese, palazzi ed edifici che parlano di vicende umane non del tutto dimenticate. In via Alessio Comneno, accanto a palazzo Lecari, si trova palazzo Orsi, di proprietà dell&#8217;omonima famiglia e dimora, in tempi più recenti di Paolo falcicchio.     Non un segno però che testimoni la permanenza qui dell&#8217;illustre cittadino che tanto fece parlare di sè per il suo talento musicale dando lustro anche al nome del nostro paese. A riempire il vuoto e a sugellare il ricordo, ancora vivo in quanti ebbero la fortuna di conoscerlo e di apprezzare la sua opera, ci ha pensato Sergio Torsello. L&#8217;interesse per la storia locale, l&#8217;amore per questo estremo lembo del Salento e per le vicende della nostra gente lo hanno impegnato in un lavoro di meticolosa e difficile ricerca per ricostruire, senza enfasi, la storia di Paolo Falcicchio.</p>
<p>L&#8217;A.P.A. che apprezza, incoraggia e sostiene le iniziative mirate a dare nuova linfa al processo di crescita e di sviluppo di Alessano, anche attraverso la ricostruzione delle vicende del passato, ha voluto collaborare in modo significativo al lavoro fatto da SErgio Torsello realizzando questo volumetto che certamente sarà apprezzato dai cittadini, dai cultori delle tradizioni e da quanti ricordano ancora con affetto &#8220;l&#8217;eroica bacchetta&#8221;.</p>
<p style="text-align: right;">Dalla presentazione di Antonio Melcarne presidente dell&#8217;A.P.A.</p>

<p>   SERGIO TORSELLO L&#8217;EROICA BACCHETTA (1979 &#8211; 1963) A.P.A. ASSOCIAZIONE PER LA PROMOZIONE DI ALESSANO Edizioni Aramirè Il volume è disponibile presso le librerie locali e può essere richiesto direttamente all&#8217;Associazione A.P.A.. &nbsp; Per le strade del borgo antico di Alessano si possono ammirare chiese, palazzi ed edifici che parlano di vicende umane non del [&hellip;]</p>
