{"id":194,"date":"2017-08-05T13:54:29","date_gmt":"2017-08-05T13:54:29","guid":{"rendered":"http:\/\/127.0.0.1:4001\/wordpress\/?page_id=194"},"modified":"2017-08-05T13:59:03","modified_gmt":"2017-08-05T13:59:03","slug":"194-2","status":"publish","type":"page","link":"https:\/\/www.apa-alessano.com\/?page_id=194","title":{"rendered":"Alessano"},"content":{"rendered":"<h3 style=\"text-align: center;\">A. CALORO\u00a0\u00a0 &#8211;\u00a0\u00a0 A. MELCARNE\u00a0\u00a0 &#8211;\u00a0\u00a0 V. NICOLI&#8217;<\/h3>\n<h1 style=\"text-align: center;\">ALESSANO<\/h1>\n<h2 style=\"text-align: center;\">Storia, arte e ambiente<\/h2>\n<h3 style=\"text-align: center;\"><\/h3>\n<h3 style=\"text-align: center;\">a cura dell&#8217;A.P.A.<\/h3>\n<h3 style=\"text-align: center;\">ASSOCIAZIONE per la PROMOZIONE di ALESSANO<\/h3>\n<h3 style=\"text-align: center;\">centro culturale, ricreativo e di valorizzazione del territorio<\/h3>\n<h3 style=\"text-align: center;\"><\/h3>\n<h3 style=\"text-align: center;\">EDIZIONI LABORGRAF &#8211; TRICASE<\/h3>\n<p>&nbsp;<\/p>\n<h4><\/h4>\n<h4>Il volume \u00e8 disponibile presso le librerie locali e pu\u00f2 essere richiesto direttamente all&#8217;Associazione A.P.A.<\/h4>\n<p>Nell&#8217;immaginario collettivo delle genti del Capo, Alessano viene raffigurata come una nobile ed anziana signora, ricercata nel vestire e di belle maniere, ma un po&#8217; demod\u00e8e, avendo scarse sostanze su cui ormai contare.<\/p>\n<p>E&#8217; un&#8217;immagine che sembra nascere dallo spirito di rivalsa di popolazioni che per lunghissimo tempo hanno ruotato, in posizione subalterna, intorno ad Alessano; un&#8217;immagine pertanto suggestiva ma ingenerosa e che ha tuttavia un qualche fondamento: la nobilt\u00e0, per esempio.<\/p>\n<p>Si, Alessano \u00e8 un paese di antiche, forse antichissime origini; e per secoli e fino a pochi decenni fa \u00e8 stato il capoluogo del lembo estremo della penisola salentina. Per secoli ha prodotto uomini di alto ingegno che si sono distinti nel campo delle lettere, della filosofia, delle belle arti, delle scienze e della musica. Ed ancor oggi, pur in un momento non tra i pi\u00f9 felici della sua storia, conta tra i suoi figli illustri uomini di cultura: studiosi, poeti, giuristi, musicisti, prelati al tempo stesso umili e di fama mondiale, al cui ricordo il cuore sanguina e ci si spezza in petto&#8230;<\/p>\n<p>Una figura \u00e8 per\u00f2 mancata, a memoria d&#8217;uomo, alla gente alessanese: un leader di alta statura, capace di riassumere in s\u00e9 e di convogliare verso esiti efficaci le grandi energie latenti nella popolazione, per aiutarla a superare questo momento di difficolt\u00e0 ed a recuperare con rinnovato entusiasmo il ruolo che la storia e la natura le hanno assegnato in dote<\/p>\n<p>Eppure, nel risveglio di interesse per le storie e le culture locali che caratterizza la storiografia contemporanea, anche Alessano ha avuto la sua parte in lavori di spessore scientifico: basti ricordare la monografia di don Salvatore Palese sulla chiesa matrice (Galatina, Congedo Ed. 1975) e il recente convegno di studi su Oronzo Gabriele Costa, i cui Atti sono stati da poco pubblicati (Galatina, Congedo Ed. vol I, 1992; vol. II, 1993); e mi piace anticipare che \u00e8 stata completata ed andr\u00e0 presto in stampa la raccolta delle iscrizioni latine di Alessano, sotto gli auspici della sezione leccese dell&#8217;Associazione Italiana di Cultura Classica, mentre ulteriori lodevoli iniziative e ricerche sono in corso: la storia della comunit\u00e0 alessanese dei frati cappuccini e del loro convento, la bibliografia del pittore Gustavo Urro ed altro ancora.<\/p>\n<p>Giunge quindi opportuna questa pubblicazione dell&#8217;A.P.A., un&#8217;agile guida che fa il punto su ci\u00f2 che di Alessano si sa, sul suo passato remoto e recente, ma anche sulle sue caratteristiche naturali: geologia, flora, fauna. Il tutto reso piacevole da una esposizione scorrevole ed arricchito da suggestive fotografie che aiutano a meglio conoscere e ad apprezzare adeguatamente le notevoli opere monumentali e le incomparabili bellezze paesaggistiche della nostra terra.<\/p>\n<p>Con un augurio: che nuovi studi vengano promossi per un recupero totale di una identit\u00e0 e di un patrimonio (linguistico, storico, filosofico, artistico, naturalistico) su cui poggiare saldamente il nostro presente ed il nostro futuro. La gloriosa tradizione non pu\u00f2 inaridirsi n\u00e9 disperdersi in mille rivoli, ma deve tornare ad essere il fiume maestoso capace di dissetare le riarse zolle.<\/p>\n<p>VALERIO AUGENTI<\/p>\n<p>&nbsp;<\/p>\n","protected":false},"excerpt":{"rendered":"<p>A. CALORO\u00a0\u00a0 &#8211;\u00a0\u00a0 A. MELCARNE\u00a0\u00a0 &#8211;\u00a0\u00a0 V. NICOLI&#8217; ALESSANO Storia, arte e ambiente a cura dell&#8217;A.P.A. ASSOCIAZIONE per la PROMOZIONE di ALESSANO centro culturale, ricreativo e di valorizzazione del territorio EDIZIONI LABORGRAF &#8211; TRICASE &nbsp; Il volume \u00e8 disponibile presso le librerie locali e pu\u00f2 essere richiesto direttamente all&#8217;Associazione A.P.A. Nell&#8217;immaginario collettivo delle genti del [&hellip;]<\/p>\n","protected":false},"author":1,"featured_media":0,"parent":187,"menu_order":0,"comment_status":"closed","ping_status":"closed","template":"","meta":{"_lightning_design_setting":[],"vkexunit_cta_each_option":"","footnotes":""},"class_list":["post-194","page","type-page","status-publish","hentry"],"_links":{"self":[{"href":"https:\/\/www.apa-alessano.com\/index.php?rest_route=\/wp\/v2\/pages\/194","targetHints":{"allow":["GET"]}}],"collection":[{"href":"https:\/\/www.apa-alessano.com\/index.php?rest_route=\/wp\/v2\/pages"}],"about":[{"href":"https:\/\/www.apa-alessano.com\/index.php?rest_route=\/wp\/v2\/types\/page"}],"author":[{"embeddable":true,"href":"https:\/\/www.apa-alessano.com\/index.php?rest_route=\/wp\/v2\/users\/1"}],"replies":[{"embeddable":true,"href":"https:\/\/www.apa-alessano.com\/index.php?rest_route=%2Fwp%2Fv2%2Fcomments&post=194"}],"version-history":[{"count":2,"href":"https:\/\/www.apa-alessano.com\/index.php?rest_route=\/wp\/v2\/pages\/194\/revisions"}],"predecessor-version":[{"id":198,"href":"https:\/\/www.apa-alessano.com\/index.php?rest_route=\/wp\/v2\/pages\/194\/revisions\/198"}],"up":[{"embeddable":true,"href":"https:\/\/www.apa-alessano.com\/index.php?rest_route=\/wp\/v2\/pages\/187"}],"wp:attachment":[{"href":"https:\/\/www.apa-alessano.com\/index.php?rest_route=%2Fwp%2Fv2%2Fmedia&parent=194"}],"curies":[{"name":"wp","href":"https:\/\/api.w.org\/{rel}","templated":true}]}}

<h3 style="text-align: center;">A. CALORO   &#8211;   A. MELCARNE   &#8211;   V. NICOLI&#8217;</h3>
<h1 style="text-align: center;">ALESSANO</h1>
<h2 style="text-align: center;">Storia, arte e ambiente</h2>
<h3 style="text-align: center;"></h3>
<h3 style="text-align: center;">a cura dell&#8217;A.P.A.</h3>
<h3 style="text-align: center;">ASSOCIAZIONE per la PROMOZIONE di ALESSANO</h3>
<h3 style="text-align: center;">centro culturale, ricreativo e di valorizzazione del territorio</h3>
<h3 style="text-align: center;"></h3>
<h3 style="text-align: center;">EDIZIONI LABORGRAF &#8211; TRICASE</h3>
<p>&nbsp;</p>
<h4></h4>
<h4>Il volume è disponibile presso le librerie locali e può essere richiesto direttamente all&#8217;Associazione A.P.A.</h4>
<p>Nell&#8217;immaginario collettivo delle genti del Capo, Alessano viene raffigurata come una nobile ed anziana signora, ricercata nel vestire e di belle maniere, ma un po&#8217; demodèe, avendo scarse sostanze su cui ormai contare.</p>
<p>E&#8217; un&#8217;immagine che sembra nascere dallo spirito di rivalsa di popolazioni che per lunghissimo tempo hanno ruotato, in posizione subalterna, intorno ad Alessano; un&#8217;immagine pertanto suggestiva ma ingenerosa e che ha tuttavia un qualche fondamento: la nobiltà, per esempio.</p>
<p>Si, Alessano è un paese di antiche, forse antichissime origini; e per secoli e fino a pochi decenni fa è stato il capoluogo del lembo estremo della penisola salentina. Per secoli ha prodotto uomini di alto ingegno che si sono distinti nel campo delle lettere, della filosofia, delle belle arti, delle scienze e della musica. Ed ancor oggi, pur in un momento non tra i più felici della sua storia, conta tra i suoi figli illustri uomini di cultura: studiosi, poeti, giuristi, musicisti, prelati al tempo stesso umili e di fama mondiale, al cui ricordo il cuore sanguina e ci si spezza in petto&#8230;</p>
<p>Una figura è però mancata, a memoria d&#8217;uomo, alla gente alessanese: un leader di alta statura, capace di riassumere in sé e di convogliare verso esiti efficaci le grandi energie latenti nella popolazione, per aiutarla a superare questo momento di difficoltà ed a recuperare con rinnovato entusiasmo il ruolo che la storia e la natura le hanno assegnato in dote</p>
<p>Eppure, nel risveglio di interesse per le storie e le culture locali che caratterizza la storiografia contemporanea, anche Alessano ha avuto la sua parte in lavori di spessore scientifico: basti ricordare la monografia di don Salvatore Palese sulla chiesa matrice (Galatina, Congedo Ed. 1975) e il recente convegno di studi su Oronzo Gabriele Costa, i cui Atti sono stati da poco pubblicati (Galatina, Congedo Ed. vol I, 1992; vol. II, 1993); e mi piace anticipare che è stata completata ed andrà presto in stampa la raccolta delle iscrizioni latine di Alessano, sotto gli auspici della sezione leccese dell&#8217;Associazione Italiana di Cultura Classica, mentre ulteriori lodevoli iniziative e ricerche sono in corso: la storia della comunità alessanese dei frati cappuccini e del loro convento, la bibliografia del pittore Gustavo Urro ed altro ancora.</p>
<p>Giunge quindi opportuna questa pubblicazione dell&#8217;A.P.A., un&#8217;agile guida che fa il punto su ciò che di Alessano si sa, sul suo passato remoto e recente, ma anche sulle sue caratteristiche naturali: geologia, flora, fauna. Il tutto reso piacevole da una esposizione scorrevole ed arricchito da suggestive fotografie che aiutano a meglio conoscere e ad apprezzare adeguatamente le notevoli opere monumentali e le incomparabili bellezze paesaggistiche della nostra terra.</p>
<p>Con un augurio: che nuovi studi vengano promossi per un recupero totale di una identità e di un patrimonio (linguistico, storico, filosofico, artistico, naturalistico) su cui poggiare saldamente il nostro presente ed il nostro futuro. La gloriosa tradizione non può inaridirsi né disperdersi in mille rivoli, ma deve tornare ad essere il fiume maestoso capace di dissetare le riarse zolle.</p>
<p>VALERIO AUGENTI</p>
<p>&nbsp;</p>

<p>A. CALORO   &#8211;   A. MELCARNE   &#8211;   V. NICOLI&#8217; ALESSANO Storia, arte e ambiente a cura dell&#8217;A.P.A. ASSOCIAZIONE per la PROMOZIONE di ALESSANO centro culturale, ricreativo e di valorizzazione del territorio EDIZIONI LABORGRAF &#8211; TRICASE &nbsp; Il volume è disponibile presso le librerie locali e può essere richiesto direttamente all&#8217;Associazione A.P.A. Nell&#8217;immaginario collettivo delle genti del [&hellip;]</p>
